 2*z + 6. Let q be (-3 + u)*(-1 - 1). Let j be (6/(-9))/((-4)/6). Calculate the highest common divisor of j and q.
1
Suppose 0 = -2*s + 17 + 113. Let d = s + -25. Suppose 0*f = f + o - 5, -5*o - 55 = -5*f. What is the greatest common factor of d and f?
8
Suppose -4*n + 85 = n. Let f = 9 - n. Let t be (f/10)/((-1)/5). What is the greatest common divisor of t and 1?
1
Suppose 6*h + 51 = -111. Let i = h + 55. What is the greatest common factor of 7 and i?
7
Let k(a) = -2*a**2 + 0*a**2 + 3*a**2 - 2*a**2 + 17*a**3. Let t be k(1). Suppose -4*u + 180 = 20. What is the greatest common divisor of t and u?
8
Let f(t) = -2*t + t**3 - 2*t**2 + 6 - 4 + 0*t**3 - 1. Let q be f(3). What is the highest common factor of 20 and q?
4
Let y(x) = -x. Let b be y(4). Let p be (b/2)/(1/(-24)). Calculate the highest common divisor of p and 12.
12
Suppose -p + 2*p = 0. Let f be (45 - (p + 2)) + 2. Calculate the greatest common factor of f and 5.
5
Let d(v) be the second derivative of v**4/6 - v**2 - 2*v. Let l be d(-3). What is the highest common factor of l and 48?
16
Let f(l) = l**2 - 5*l - 10. Let r be f(7). What is the highest common divisor of 10 and r?
2
Let x(f) = 3*f - 2. Let l be x(2). Let q be l/14 + 12/7. Suppose 0 = -2*n - 5*m + 35, -5*n + 3*m + 43 = q. Calculate the greatest common factor of 30 and n.
10
Let p(n) = 64*n**3 + n**2 - n + 1. Let x be p(1). Let i = 135 - x. Calculate the highest common divisor of i and 10.
10
Let c be (1 + 1)/((-5)/10). Let t be c/(-1) - 8 - -74. Let h = 2 - -8. Calculate the greatest common divisor of t and h.
10
Let o be (-1 + 0)*34/(-2). Let q be 2/5 + 13032/45. Let n = q + -137. What is the greatest common divisor of o and n?
17
Suppose 0 = 3*t - 2*o - 18, 3*t - 15 = -o + 12. Calculate the greatest common factor of 72 and t.
8
Suppose -u + 170 = -0*u. Suppose -u = -4*a - 50. What is the highest common factor of a and 45?
15
Suppose 3*i - 3 = 3. Suppose -b = -i*b + 16. Let z = -82 + 194. Calculate the greatest common divisor of b and z.
16
Suppose -3*v - 4*a - 23 = 0, 0*a - 17 = -3*v + 4*a. Let u = -20 - -51. Let i = u + v. What is the highest common factor of i and 6?
6
Let m be 4/(-2 - 0) + 4. Let a(f) = -3*f + m*f**3 - 2*f**3 - 3*f**2 - f**3 + 1. Let q be a(-3). Calculate the highest common factor of 30 and q.
10
Let m be (-38)/6 + 4/12. Let b be -1 - 6*3/m. Calculate the highest common divisor of b and 8.
2
Suppose -m - 16 = -2*y + 22, 5*m + 71 = 3*y. Calculate the greatest common divisor of 221 and y.
17
Let r be ((-2)/(-4))/((-1)/(-10)). Suppose 0 = -z + r*n + 99, -1 = -5*n - 16. What is the greatest common factor of 12 and z?
12
Suppose -4*o + 405 = 5*r, -277 + 112 = -2*o + 5*r. Let z be (-1)/(1 + 40/(-38)). What is the greatest common factor of o and z?
19
Suppose 0 = 3*z + z - 252. Let b be -27*2*5/(-30). What is the highest common divisor of b and z?
9
Let y = 67 + -139. Let q = -32 - y. What is the greatest common divisor of 20 and q?
20
Let h(z) = z**2 + 2*z. Let q be h(-3). Suppose -q*w = -7 + 1. Suppose -4*r + 5*c + 45 = -0*c, 10 = -2*c. What is the greatest common factor of r and w?
1
Suppose 8*w = 3*w - 25, -3*q - 2*w = -422. Calculate the highest common divisor of q and 18.
18
Suppose -4*y + 27 - 2 = 3*x, y = -4*x + 16. Suppose x*t = t + 56. Calculate the greatest common divisor of t and 84.
28
Let x be 4168/(-24) - 2/6. Let u(m) = 6*m - 1. Let d be u(-5). Let s = d - x. What is the highest common factor of 13 and s?
13
Let l be -30*(-15)/6 - -2. What is the highest common divisor of l and 11?
11
Suppose -5*s = 3*l + 80, -l = -2*l - 5. Suppose -4*w - 21 = 3*z, 4*w + w + 4*z = -25. Let o = w - s. Calculate the highest common factor of o and 4.
4
Let g = -7 + 9. Let n = 9 + g. Calculate the highest common divisor of 99 and n.
11
Let k(t) = 8*t**2 - 4*t - 4. Let d be k(-2). Let h = d - -64. Calculate the highest common factor of h and 20.
20
Let r = -40 + 76. Suppose x = -3*o + 18, -5*x = -3*o + 8*o - 110. What is the greatest common factor of r and x?
12
Let y = -1 + 3. Suppose 9*x - 4*x + 25 = 0, 2*x = -4*d + y. Suppose 4*p = 16, d*p - 2*p = 3*w - 29. Calculate the highest common divisor of 1 and w.
1
Suppose -2*v + v + 185 = 0. Suppose c - 5*w = 240, 3*c = -4*w + 962 - v. Suppose 0 = -8*s + 3*s + c. What is the highest common divisor of s and 34?
17
Let a = 31 + -21. Calculate the greatest common divisor of a and 90.
10
Let r(s) = s**3 - 10*s**2 + 8*s + 11. Let y be r(9). Suppose 4*o = -k + 14 + 4, -y*k + 3*o = -36. Calculate the highest common divisor of k and 2.
2
Let b = 181 + -53. Let q = b - 62. Let s be 48/(-28)*(-14)/4. Calculate the greatest common factor of q and s.
6
Let b be (-436)/(-18) + 8/(-36). Let u(a) = 4*a - 3*a + 13 + 0*a. Let i be u(-10). What is the greatest common divisor of i and b?
3
Suppose 0 = -u - 3*u - 3*b + 141, 4*u - 161 = b. What is the greatest common divisor of 429 and u?
39
Let j be 12 + (-1 - (0 - 0)). Let l = j - -33. Calculate the greatest common divisor of l and 11.
11
Suppose -4*u = 14 - 46. Let z(x) = -x**3 - 2*x**2 - 5*x - 4. Let m be z(-3). What is the greatest common factor of m and u?
4
Let k = -250 - -378. Calculate the highest common factor of 32 and k.
32
Suppose -28*j + 37*j - 135 = 0. What is the greatest common factor of j and 75?
15
Let f be -1 + ((-24)/(-2))/1. Calculate the highest common factor of 88 and f.
11
Let w = 0 - -3. Suppose -w*t + 4*t = 14. Calculate the highest common factor of 84 and t.
14
Let q(g) = -g**3 + g**2 + g - 17. Let b be q(0). Let p = -14 - b. Calculate the highest common factor of p and 15.
3
Suppose -4*z = c + 14, 2*c + 1 = 3*c - z. Suppose -2*s = -4*s + 184. Let m = s + c. Calculate the highest common divisor of 15 and m.
15
Suppose m = 4, 0 = -3*i - i - m + 40. What is the highest common divisor of i and 9?
9
Let d = 27 - 7. Let p(q) = 5*q**2 - 1. Suppose 0 = 4*s - 1 + 5. Let t be p(s). What is the greatest common factor of d and t?
4
Suppose 0*d - 26 = -2*d. Calculate the highest common factor of 52 and d.
13
Let u = 18 - 16. Suppose u*z = 1 + 13. What is the greatest common divisor of 70 and z?
7
Let j(p) = -4*p**3 - 2*p**2 - 2*p + 3. Let v be j(-2). What is the highest common divisor of 31 and v?
31
Let s(r) = r**3 + 4*r**2 - 5*r + 4. Let x be s(-5). Suppose 0 = x*k - k - 3. What is the greatest common factor of 2 and k?
1
Suppose -75 = -4*u - 5*d, 3*u = u + 5*d + 15. Let i(y) = 6*y - 3. Let b be i(8). What is the highest common divisor of b and u?
15
Suppose 3*n + 8 = 4*j - n, 0 = n. What is the greatest common factor of 16 and j?
2
Let y(c) = 11*c**2 + 4*c + 1. Let j be (-36)/(-6)*(-1)/(-2). Let z be y(j). What is the greatest common divisor of 14 and z?
14
Suppose 12 + 0 = 3*q. Suppose -d = -0*k - q*k - 13, 6 = -3*k. Suppose -2*h = d*j - 54, 4*h = 3*j + 2*j + 138. What is the highest common factor of h and 8?
8
Suppose -6*v - 91 = -13*v. What is the highest common factor of v and 52?
13
Let g(y) = -y**2 - 7*y + 1. Let n be g(-7). Calculate the greatest common divisor of 2 and n.
1
Let l(t) = t**2 - 8. Let a(v) = v**3 + 8*v**2 + 7*v - 4. Let x be a(-7). Let q be l(x). What is the greatest common factor of 72 and q?
8
Let p be 2 + 179 - (-1 - 0). What is the highest common factor of p and 26?
26
Suppose 2*r + 3*p - 186 = 0, 4*r + 4*p = 42 + 338. Calculate the greatest common factor of r and 11.
11
Let g(v) = 7*v - 26. Let l be g(7). Let y(k) = -81*k + 8. Let r be y(-7). Suppose -2*x - 3*x + r = 0. What is the highest common factor of l and x?
23
Let p = 110 + -65. Let k be (-1 - -1) + (0 - -4). Suppose -k*w = -1 - 19. What is the greatest common divisor of w and p?
5
Let l(r) = -r - 13. Let v be l(-11). Let w be v/8 - (-25)/4. Suppose -2 = -4*u + w. Calculate the highest common factor of u and 5.
1
Let t(r) = -r**3 - r**2 + 3*r - 3. Let v be t(-3). Suppose -v = 2*z - 5*z + 3*s, 5*s = -5*z + 10. Calculate the greatest common factor of z and 22.
2
Let t(n) = 3*n**2 + 3*n + 3. Let c(q) = 4*q**2 + 4*q + 2. Let b(j) = -2*c(j) + 3*t(j). Let f be b(-3). What is the highest common factor of f and 99?
11
Let t(i) = -2*i - 6. Let q be t(-4). Let u(v) = -v + 11. Let l be u(8). Calculate the highest common divisor of q and l.
1
Suppose -92 + 292 = 4*g. Let m = g - 32. What is the greatest common divisor of m and 18?
18
Let r be (3/